{"id":251650,"date":"2024-08-09T10:19:38","date_gmt":"2024-08-09T10:19:38","guid":{"rendered":"https:\/\/ami.mr\/fr\/?page_id=251650"},"modified":"2025-09-19T20:37:06","modified_gmt":"2025-09-19T20:37:06","slug":"sidahmed-bouh","status":"publish","type":"page","link":"https:\/\/ami.mr\/fr\/sidahmed-bouh","title":{"rendered":"Sid\u2019Ahmed Ould Bouh &#8211; \tMinistre de l\u2019Agriculture et de la Souverainet\u00e9 Alimentaire"},"content":{"rendered":"<h3 style=\"text-align: center;\"><strong>BIOGRAPHIE<\/strong><\/h3>\n<p><strong>Nom et Pr\u00e9nom:<\/strong> Sid Ahmed Ould Bouh,<img decoding=\"async\" class=\"size-medium wp-image-251835 alignright\" src=\"https:\/\/ami.mr\/fr\/wp-content\/uploads\/2024\/08\/SIDAHBOUH-220x300.jpg\" alt=\"\" width=\"220\" height=\"300\" srcset=\"https:\/\/ami.mr\/fr\/wp-content\/uploads\/2024\/08\/SIDAHBOUH-220x300.jpg 220w, https:\/\/ami.mr\/fr\/wp-content\/uploads\/2024\/08\/SIDAHBOUH-751x1024.jpg 751w, https:\/\/ami.mr\/fr\/wp-content\/uploads\/2024\/08\/SIDAHBOUH-768x1047.jpg 768w, https:\/\/ami.mr\/fr\/wp-content\/uploads\/2024\/08\/SIDAHBOUH-1127x1536.jpg 1127w, https:\/\/ami.mr\/fr\/wp-content\/uploads\/2024\/08\/SIDAHBOUH.jpg 1502w\" sizes=\"(max-width: 220px) 100vw, 220px\" \/><\/p>\n<p>D<strong>ate et Lieu de Naissance:<\/strong> 1972 \u00e0 El Ghoudia, moughataa de Tidjikja, wilaya de Tagant.<\/p>\n<p><strong>situation Familiale:<\/strong> mari\u00e9 et p\u00e8re de six enfants.<\/p>\n<p>Il a fait ses \u00e9tudes primaires et secondaires \u00e0 Aioun, le lyc\u00e9e \u00e0 Kiffa et ses \u00e9tudes universitaires \u00e0 Nouakchott, o\u00f9 il a obtenu une licence en sciences \u00e9conomiques. Il a poursuivi ses \u00e9tudes sup\u00e9rieures en Tunisie, o\u00f9 il a obtenu un dipl\u00f4me \u00e0 l&#8217;\u00c9cole nationale d&#8217;administration, division de la programmation et du contr\u00f4le des fonds publics.<\/p>\n<p><strong>Fonctions<\/strong><\/p>\n<p>Nomm\u00e9 ministre de l\u2019Agriculture et de la souverainet\u00e9 alimentaire le 18 septembre 2025.<\/p>\n<p>Du 06 ao\u00fbt 2024 au 18 septembre 2025 : Ministre de l\u2019\u00e9conomie et des finances.<\/p>\n<p>Du 17 juillet 2023 au 06 ao\u00fbt 2024 : Conseiller \u00e0 la pr\u00e9sidence de la R\u00e9publique<\/p>\n<p>Il a d\u00e9but\u00e9 sa carri\u00e8re en 2000 comme cadre administratif du corps financier au minist\u00e8re des Finances, puis chef du service des march\u00e9s et des d\u00e9penses d&#8217;investissement \u00e0 la direction du budget &#8211; inspecteur g\u00e9n\u00e9ral adjoint \u00e0 l&#8217;inspection g\u00e9n\u00e9rale de l&#8217;\u00c9tat.<\/p>\n<p>&#8211; \u00c9conomiste \u00e0 la Banque mondiale<\/p>\n<p>Directeur g\u00e9n\u00e9ral du d\u00e9veloppement de la zone franche de Nouadhibou.<\/p>\n<p>&#8211; Directeur ex\u00e9cutif du Fonds fiduciaire pour la biodiversit\u00e9.<\/p>\n<p>&#8211; Conseiller du ministre de l&#8217;\u00e9conomie et des finances, charg\u00e9 de la promotion du secteur priv\u00e9<\/p>\n<p>&#8211; Pr\u00e9sident du Comit\u00e9 technique des partenariats public-priv\u00e9<\/p>\n<p>&#8211; Directeur du P\u00f4le Services Institutionnels de la Banque Maghr\u00e9bine d&#8217;Investissement et de Commerce Ext\u00e9rieur bas\u00e9e \u00e0 Tunis.<\/p>\n<p>Dans le cadre de ses fonctions \u00e0 la Pr\u00e9sidence de la R\u00e9publique, il a \u00e9t\u00e9 coordinateur g\u00e9n\u00e9ral de la cellule de suivi de la mise en \u0153uvre des priorit\u00e9s strat\u00e9giques et d\u00e9l\u00e9gu\u00e9 de la Pr\u00e9sidence de l&#8217;UA au G20.<\/p>\n<p>Il parle l&#8217;arabe, le fran\u00e7ais et l&#8217;anglais.<\/p>\n","protected":false},"excerpt":{"rendered":"<p>BIOGRAPHIE Nom et Pr\u00e9nom: Sid Ahmed Ould Bouh, Date et Lieu de Naissance: 1972 \u00e0 El Ghoudia, moughataa de Tidjikja, wilaya de Tagant. situation Familiale: mari\u00e9 et p\u00e8re de six enfants. Il a fait ses \u00e9tudes primaires et secondaires \u00e0 Aioun, le lyc\u00e9e \u00e0 Kiffa et ses \u00e9tudes universitaires \u00e0 Nouakchott, o\u00f9 il a obtenu [&hellip;]<\/p>\n","protected":false},"author":1,"featured_media":0,"parent":0,"menu_order":0,"comment_status":"closed","ping_status":"closed","template":"","meta":{"footnotes":""},"class_list":["post-251650","page","type-page","status-publish","hentry"],"_links":{"self":[{"href":"https:\/\/ami.mr\/fr\/wp-json\/wp\/v2\/pages\/251650","targetHints":{"allow":["GET"]}}],"collection":[{"href":"https:\/\/ami.mr\/fr\/wp-json\/wp\/v2\/pages"}],"about":[{"href":"https:\/\/ami.mr\/fr\/wp-json\/wp\/v2\/types\/page"}],"author":[{"embeddable":true,"href":"https:\/\/ami.mr\/fr\/wp-json\/wp\/v2\/users\/1"}],"replies":[{"embeddable":true,"href":"https:\/\/ami.mr\/fr\/wp-json\/wp\/v2\/comments?post=251650"}],"version-history":[{"count":7,"href":"https:\/\/ami.mr\/fr\/wp-json\/wp\/v2\/pages\/251650\/revisions"}],"predecessor-version":[{"id":279124,"href":"https:\/\/ami.mr\/fr\/wp-json\/wp\/v2\/pages\/251650\/revisions\/279124"}],"wp:attachment":[{"href":"https:\/\/ami.mr\/fr\/wp-json\/wp\/v2\/media?parent=251650"}],"curies":[{"name":"wp","href":"https:\/\/api.w.org\/{rel}","templated":true}]}}

Sid’Ahmed Ould Bouh &#8211; 	Ministre de l’Agriculture et de la Souveraineté Alimentaire

<h3 style="text-align: center;"><strong>BIOGRAPHIE</strong></h3>
<p><strong>Nom et Prénom:</strong> Sid Ahmed Ould Bouh,<img decoding="async" class="size-medium wp-image-251835 alignright" src="https://ami.mr/fr/wp-content/uploads/2024/08/SIDAHBOUH-220x300.jpg" alt="" width="220" height="300" srcset="https://ami.mr/fr/wp-content/uploads/2024/08/SIDAHBOUH-220x300.jpg 220w, https://ami.mr/fr/wp-content/uploads/2024/08/SIDAHBOUH-751x1024.jpg 751w, https://ami.mr/fr/wp-content/uploads/2024/08/SIDAHBOUH-768x1047.jpg 768w, https://ami.mr/fr/wp-content/uploads/2024/08/SIDAHBOUH-1127x1536.jpg 1127w, https://ami.mr/fr/wp-content/uploads/2024/08/SIDAHBOUH.jpg 1502w" sizes="(max-width: 220px) 100vw, 220px" /></p>
<p>D<strong>ate et Lieu de Naissance:</strong> 1972 à El Ghoudia, moughataa de Tidjikja, wilaya de Tagant.</p>
<p><strong>situation Familiale:</strong> marié et père de six enfants.</p>
<p>Il a fait ses études primaires et secondaires à Aioun, le lycée à Kiffa et ses études universitaires à Nouakchott, où il a obtenu une licence en sciences économiques. Il a poursuivi ses études supérieures en Tunisie, où il a obtenu un diplôme à l&#8217;École nationale d&#8217;administration, division de la programmation et du contrôle des fonds publics.</p>
<p><strong>Fonctions</strong></p>
<p>Nommé ministre de l’Agriculture et de la souveraineté alimentaire le 18 septembre 2025.</p>
<p>Du 06 août 2024 au 18 septembre 2025 : Ministre de l’économie et des finances.</p>
<p>Du 17 juillet 2023 au 06 août 2024 : Conseiller à la présidence de la République</p>
<p>Il a débuté sa carrière en 2000 comme cadre administratif du corps financier au ministère des Finances, puis chef du service des marchés et des dépenses d&#8217;investissement à la direction du budget &#8211; inspecteur général adjoint à l&#8217;inspection générale de l&#8217;État.</p>
<p>&#8211; Économiste à la Banque mondiale</p>
<p>Directeur général du développement de la zone franche de Nouadhibou.</p>
<p>&#8211; Directeur exécutif du Fonds fiduciaire pour la biodiversité.</p>
<p>&#8211; Conseiller du ministre de l&#8217;économie et des finances, chargé de la promotion du secteur privé</p>
<p>&#8211; Président du Comité technique des partenariats public-privé</p>
<p>&#8211; Directeur du Pôle Services Institutionnels de la Banque Maghrébine d&#8217;Investissement et de Commerce Extérieur basée à Tunis.</p>
<p>Dans le cadre de ses fonctions à la Présidence de la République, il a été coordinateur général de la cellule de suivi de la mise en œuvre des priorités stratégiques et délégué de la Présidence de l&#8217;UA au G20.</p>
<p>Il parle l&#8217;arabe, le français et l&#8217;anglais.</p>

<p>BIOGRAPHIE Nom et Prénom: Sid Ahmed Ould Bouh, Date et Lieu de Naissance: 1972 à El Ghoudia, moughataa de Tidjikja, wilaya de Tagant. situation Familiale: marié et père de six enfants. Il a fait ses études primaires et secondaires à Aioun, le lycée à Kiffa et ses études universitaires à Nouakchott, où il a obtenu [&hellip;]</p>
