{"id":202699,"date":"2022-08-01T21:45:03","date_gmt":"2022-08-01T21:45:03","guid":{"rendered":"http:\/\/newar.ami.mr:8088\/fr\/?page_id=202699"},"modified":"2025-11-04T10:55:01","modified_gmt":"2025-11-04T10:55:01","slug":"savia-mint-ntahah","status":"publish","type":"page","link":"https:\/\/ami.mr\/fr\/savia-mint-ntahah","title":{"rendered":"Savia Mint N\u2019tahah &#8211; Ministre de l&#8217;action sociale, de l\u2019enfance et de la famille"},"content":{"rendered":"<div class=\"item_intro\" dir=\"ltr\" style=\"text-align: center;\"><strong><span class=\"item_date_publi headlineFsz4vw PGVtitl_h\">BIOGRAPHIE<\/span><\/strong><\/div>\n<div dir=\"ltr\"><strong>Nom:<\/strong> Savia Mint N&#8217;tahah <img decoding=\"async\" class=\"size-medium wp-image-282258 alignright\" src=\"https:\/\/ami.mr\/fr\/wp-content\/uploads\/2025\/11\/MAFSO-300x213.jpeg\" alt=\"\" width=\"300\" height=\"213\" srcset=\"https:\/\/ami.mr\/fr\/wp-content\/uploads\/2025\/11\/MAFSO-300x213.jpeg 300w, https:\/\/ami.mr\/fr\/wp-content\/uploads\/2025\/11\/MAFSO-768x546.jpeg 768w, https:\/\/ami.mr\/fr\/wp-content\/uploads\/2025\/11\/MAFSO.jpeg 946w\" sizes=\"(max-width: 300px) 100vw, 300px\" \/><\/div>\n<div dir=\"ltr\"><strong>Date et Lieu de Naissance:<\/strong> 1986 \u00e0 Nouakchott<\/div>\n<div dir=\"ltr\"><strong>Situation Familiale:<\/strong> Mari\u00e9e, M\u00e8re de 3 enfants<\/div>\n<div><\/div>\n<div class=\"text-right\" style=\"text-align: left;\">\n<p><strong><span class=\"item_date_publi headlineFsz4vw PGVtitl_h\">FORMATION<\/span><\/strong><\/p>\n<div class=\"ns_indent headlineFsz18px\">2006: baccalaur\u00e9at litt\u00e9rature moderne<br \/>\n2008: formation en prise en charge m\u00e9dicale des assur\u00e9s<br \/>\n2009: formation en Entreprenariat des femmes<br \/>\n2014: licence en management des entreprise<\/div>\n<\/div>\n<div><\/div>\n<div class=\"text-right\" style=\"text-align: left;\">\n<p><strong><span class=\"item_date_publi headlineFsz4vw PGVtitl_h\">CURSUS PROFESSIONNEL<\/span><\/strong><\/p>\n<div class=\"ns_indent headlineFsz18px\">2008: Cadre de la Caisse Nationale de l\u2019Assurance Maladie (CNAM)<br \/>\n2010: Secr\u00e9taire G\u00e9n\u00e9rale de l\u2019Association F\u00e9minine pour la Promotion de l\u2019Hygiene<br \/>\n2013: Cadre \u00e0 Consolidated Contractors Company projet extension de la mine de Tasiast Limited Mauritanie<br \/>\n2015-2022: Cadre au Secr\u00e9tariat Ex\u00e9cutif de l\u2019Agence Panafricaine de la Grande Muraille Verte.<br \/>\n2017 &#8211; 2022: Secr\u00e9taire G\u00e9n\u00e9rale au Conseil Mauritanien des Femmes d\u2019Affaires.<br \/>\nmobilisation de plusieurs ressources au profit des Associations et entreprises f\u00e9minines.<\/div>\n<div>31 Mars 2022 jusqu&#8217;\u00e0 pr\u00e9sent: Ministre de l&#8217;Action Social, de l&#8217;Enfance et de la Famille<\/div>\n<\/div>\n<div><\/div>\n<div class=\"text-right\" style=\"text-align: left;\">\n<div class=\"ns_indent headlineFsz18px\"><strong>FORMATIONS et Qualit\u00e9s:<\/strong><br \/>\nExperte en d\u00e9veloppement personnel<br \/>\nExperte en action sociale<br \/>\nExperte en formation des personnes handicap\u00e9es sur la cr\u00e9ation et la gestion des AGRs<\/div>\n<\/div>\n<div><\/div>\n<div class=\"text-right\" style=\"text-align: left;\">\n<p><strong><span class=\"item_date_publi headlineFsz4vw PGVtitl_h\">LANGUES<\/span><\/strong><\/p>\n<div class=\"ns_indent headlineFsz18px\" style=\"text-align: left;\">Arabe- Fran\u00e7ais<\/div>\n<\/div>\n","protected":false},"excerpt":{"rendered":"<p>BIOGRAPHIE Nom: Savia Mint N&#8217;tahah Date et Lieu de Naissance: 1986 \u00e0 Nouakchott Situation Familiale: Mari\u00e9e, M\u00e8re de 3 enfants FORMATION 2006: baccalaur\u00e9at litt\u00e9rature moderne 2008: formation en prise en charge m\u00e9dicale des assur\u00e9s 2009: formation en Entreprenariat des femmes 2014: licence en management des entreprise CURSUS PROFESSIONNEL 2008: Cadre de la Caisse Nationale de [&hellip;]<\/p>\n","protected":false},"author":1,"featured_media":0,"parent":0,"menu_order":0,"comment_status":"closed","ping_status":"closed","template":"","meta":{"footnotes":""},"class_list":["post-202699","page","type-page","status-publish","hentry"],"_links":{"self":[{"href":"https:\/\/ami.mr\/fr\/wp-json\/wp\/v2\/pages\/202699","targetHints":{"allow":["GET"]}}],"collection":[{"href":"https:\/\/ami.mr\/fr\/wp-json\/wp\/v2\/pages"}],"about":[{"href":"https:\/\/ami.mr\/fr\/wp-json\/wp\/v2\/types\/page"}],"author":[{"embeddable":true,"href":"https:\/\/ami.mr\/fr\/wp-json\/wp\/v2\/users\/1"}],"replies":[{"embeddable":true,"href":"https:\/\/ami.mr\/fr\/wp-json\/wp\/v2\/comments?post=202699"}],"version-history":[{"count":8,"href":"https:\/\/ami.mr\/fr\/wp-json\/wp\/v2\/pages\/202699\/revisions"}],"predecessor-version":[{"id":282259,"href":"https:\/\/ami.mr\/fr\/wp-json\/wp\/v2\/pages\/202699\/revisions\/282259"}],"wp:attachment":[{"href":"https:\/\/ami.mr\/fr\/wp-json\/wp\/v2\/media?parent=202699"}],"curies":[{"name":"wp","href":"https:\/\/api.w.org\/{rel}","templated":true}]}}

<div class="item_intro" dir="ltr" style="text-align: center;"><strong><span class="item_date_publi headlineFsz4vw PGVtitl_h">BIOGRAPHIE</span></strong></div>
<div dir="ltr"><strong>Nom:</strong> Savia Mint N&#8217;tahah <img decoding="async" class="size-medium wp-image-282258 alignright" src="https://ami.mr/fr/wp-content/uploads/2025/11/MAFSO-300x213.jpeg" alt="" width="300" height="213" srcset="https://ami.mr/fr/wp-content/uploads/2025/11/MAFSO-300x213.jpeg 300w, https://ami.mr/fr/wp-content/uploads/2025/11/MAFSO-768x546.jpeg 768w, https://ami.mr/fr/wp-content/uploads/2025/11/MAFSO.jpeg 946w" sizes="(max-width: 300px) 100vw, 300px" /></div>
<div dir="ltr"><strong>Date et Lieu de Naissance:</strong> 1986 à Nouakchott</div>
<div dir="ltr"><strong>Situation Familiale:</strong> Mariée, Mère de 3 enfants</div>
<div></div>
<div class="text-right" style="text-align: left;">
<p><strong><span class="item_date_publi headlineFsz4vw PGVtitl_h">FORMATION</span></strong></p>
<div class="ns_indent headlineFsz18px">2006: baccalauréat littérature moderne<br />
2008: formation en prise en charge médicale des assurés<br />
2009: formation en Entreprenariat des femmes<br />
2014: licence en management des entreprise</div>
</div>
<div></div>
<div class="text-right" style="text-align: left;">
<p><strong><span class="item_date_publi headlineFsz4vw PGVtitl_h">CURSUS PROFESSIONNEL</span></strong></p>
<div class="ns_indent headlineFsz18px">2008: Cadre de la Caisse Nationale de l’Assurance Maladie (CNAM)<br />
2010: Secrétaire Générale de l’Association Féminine pour la Promotion de l’Hygiene<br />
2013: Cadre à Consolidated Contractors Company projet extension de la mine de Tasiast Limited Mauritanie<br />
2015-2022: Cadre au Secrétariat Exécutif de l’Agence Panafricaine de la Grande Muraille Verte.<br />
2017 &#8211; 2022: Secrétaire Générale au Conseil Mauritanien des Femmes d’Affaires.<br />
mobilisation de plusieurs ressources au profit des Associations et entreprises féminines.</div>
<div>31 Mars 2022 jusqu&#8217;à présent: Ministre de l&#8217;Action Social, de l&#8217;Enfance et de la Famille</div>
</div>
<div></div>
<div class="text-right" style="text-align: left;">
<div class="ns_indent headlineFsz18px"><strong>FORMATIONS et Qualités:</strong><br />
Experte en développement personnel<br />
Experte en action sociale<br />
Experte en formation des personnes handicapées sur la création et la gestion des AGRs</div>
</div>
<div></div>
<div class="text-right" style="text-align: left;">
<p><strong><span class="item_date_publi headlineFsz4vw PGVtitl_h">LANGUES</span></strong></p>
<div class="ns_indent headlineFsz18px" style="text-align: left;">Arabe- Français</div>
</div>

<p>BIOGRAPHIE Nom: Savia Mint N&#8217;tahah Date et Lieu de Naissance: 1986 à Nouakchott Situation Familiale: Mariée, Mère de 3 enfants FORMATION 2006: baccalauréat littérature moderne 2008: formation en prise en charge médicale des assurés 2009: formation en Entreprenariat des femmes 2014: licence en management des entreprise CURSUS PROFESSIONNEL 2008: Cadre de la Caisse Nationale de [&hellip;]</p>
